e (4 - 22/5)*(-15)/2. Let c(t) = -2*t**3 - 4*t**2 - 3*t - 2. Let k be c(-2). Suppose -k*d = -g*d - 211. Is d composite?
False
Let g = 17 - 13. Suppose 6*h = g*h + 474. Is h a composite number?
True
Suppose 5*n - 15 = -2*i, -5*i - 6*n = -3*n - 9. Let k be i + (-4 - -3) - -7. Suppose 0 = 8*l - k*l - 212. Is l composite?
True
Suppose -14*d = -217128 + 69050. Is d composite?
True
Is (-958)/7*266/(-76) a composite number?
False
Let t = 1761 - 1170. Is t a prime number?
False
Is 62187/152 + 2/(-16) prime?
True
Let d = 784 - 468. Let b = 255 - -64. Let u = d + b. Is u a composite number?
True
Is -3 - (-2605 + (-11 - -4)) a prime number?
True
Let s(i) = 930*i**2 + 6*i - 10. Is s(2) prime?
False
Let z(c) = 118*c - 25. Is z(8) prime?
True
Suppose 0 = -x + 5*w + 841, -x + 4*w + 839 = -2*w. Is x prime?
False
Let y = 4875 + -3218. Is y prime?
True
Is -2*(-1 - 22230/12) a composite number?
True
Let l = -3405 - -6242. Is l composite?
False
Let n = 108 - 17. Suppose 0 = 5*x + 3 + 2, -n = -3*b - 2*x. Is b prime?
True
Let j(g) = -g**3 + 13*g**2 + g - 25. Let z be j(13). Is 1*(399 - z/(-3)) prime?
False
Suppose 0*w - 62 = 2*w. Let m = -18 - w. Is m composite?
False
Let r = 1325 - -4806. Is r a composite number?
False
Is 46/(-5 - (-7)/422*302) prime?
False
Suppose 0*k = -k - 5*a - 273, -3*a = 4*k + 1109. Let r = 175 - k. Let b = 814 - r. Is b a composite number?
True
Let w(q) = -75*q**3 - 7*q**2 - 3*q + 3. Is w(-4) prime?
True
Let n be (7 + -3 - 3)/(1/13). Is 53887/13 + (-8 - (-102)/n) prime?
False
Let c = -2 - -4. Suppose -k - 4*t + 41 = -0*t, t = 0. Suppose 0 = 5*x - 10, 3*p - c*x - 48 = k. Is p a composite number?
False
Let f(x) = 74*x**2 - 2*x - 3. Let d be f(-4). Suppose 5*g = 4*i - 1544, 0*i - 3*i - 4*g = -d. Is i composite?
True
Let h = 4407 + 13844. Is h prime?
True
Suppose -5*g + 4737 = -2*g. Suppose 2*v - g = 5*a, 0 = 3*v - 4*a - 247 - 2118. Is v a composite number?
False
Let i be (-10)/(-4)*96/12. Let q = 21 + -31. Is q/i + 755/2 a composite number?
True
Suppose -6 = 2*t - 4*r - 296, 0 = -5*t + 4*r + 731. Suppose 150*l - t*l = 4143. Is l a composite number?
False
Let u be (713/12 - (-1)/3)*-4. Let c = u + 1192. Is c a prime number?
True
Let f = 61 + -241. Let v = -62 - f. Suppose 17*j - 19*j + v = 0. Is j composite?
False
Let w(r) = -r**2 - 69*r - 229. Is w(-42) a prime number?
False
Let i be 4 - 6 - 6*-1. Is 2529 - (-4)/8*i a prime number?
True
Suppose 3*g + 2*p - 41945 - 2921 = 0, -5*p = -g + 14927. Suppose 51546 = -5*z + 2*m + g, 3*z + 21966 = -2*m. Is -1*2 + z/(-8) prime?
False
Suppose -5*o - 23 = 57. Let n be o/10*3660/(-8). Suppose 2*r - z + 1115 = 5*r, 2*r = 5*z + n. Is r a composite number?
True
Let l(w) = -w**3 + 12*w**2 - 9*w + 1. Let f be l(8). Suppose 3*q = -3*u + 255, 2*q = -5*u - 0*u + f. Suppose -3*k = -25 - q. Is k a composite number?
True
Is 1/(2*1 + (-94878)/47446) a composite number?
False
Let s = -20 + 19. Let m be ((-4)/(-8))/(s/36). Is ((-3)/(-2))/(m/(-36)) a composite number?
False
Let w(r) = 10*r**3 - 5*r**2 - r + 3. Let n be w(-3). Let b = 602 + n. Is b prime?
True
Let i(n) = 102*n**2 - 17*n + 149. Is i(22) a composite number?
True
Let o(l) = -443*l - 233. Is o(-30) a prime number?
False
Suppose x + a - 194127 = 0, -317286 = -x + 2*a - 123147. Is x prime?
False
Suppose z = 2 - 0. Suppose 100 + 44 = j - z*b, 291 = 2*j - 3*b. Let u = 523 - j. Is u prime?
True
Suppose -3*w - 140104 = -4*z, 4*z - 31245 - 108891 = -5*w. Is z composite?
True
Let f(b) = -19*b**3 - 8*b**2 - 7*b - 19. Let q = -75 - -70. Is f(q) prime?
False
Suppose 19 = 8*w - 5. Suppose 319 = 3*n - 2*i, w*n - 4*i - 231 = 80. Is n a composite number?
False
Let z be 13 - (0 + -3)*1. Is (-172)/z*2*-6 composite?
True
Suppose 4*k + 19 + 1 = -t, 0 = t + 2*k + 18. Let o be t/10*65/(-26). Suppose -x = -o*x + 633. Is x a composite number?
False
Suppose w - 2310 = -w. Suppose 37 - w = -2*m. Is m a prime number?
False
Suppose 568103 = 16*w - 179465. Is w a prime number?
True
Let v = -8 + 3587. Is v prime?
False
Suppose 5*v = 4*d - 6568, -5*d + 5*v + 167 = -8038. Is d prime?
True
Is (-2)/(-4) + (-1208061)/(-202) a prime number?
True
Suppose r + 13*w - 16032 = 14*w, -r = -5*w - 16028. Is r prime?
True
Let d(s) = 225*s - 26. Is d(3) a prime number?
False
Let w be 4/(-22) - 92976/(-143). Suppose -3*g - 5*k + 7717 = 0, w = g + 3*k - 1917. Is g composite?
False
Suppose 0 = -19*l + 18*l + 7. Is (1/(-2))/(l/(-4396)) prime?
False
Suppose 2*t + 5 = y, 5*t = 2*y - 0*t - 12. Let w be (y + 0)/((-17)/(-1717)). Let v = w - -28. Is v prime?
False
Let x(z) = -z**2 - 10*z - 8. Let p be x(-9). Let w(j) = 260*j**3 - 3*j + 2. Is w(p) composite?
True
Let g(f) = -37*f - 10. Suppose -3*o = 3, 3*i - 4*i - 2*o + 21 = 0. Let r = -30 + i. Is g(r) a prime number?
False
Suppose -2*o = -4*o. Suppose o*l + 3*l = 6. Suppose 3*p + a = 337, -2 = -4*p - l*a + 446. Is p a composite number?
False
Is (-4*6/(-16))/(3/1042) composite?
False
Let s(k) be the first derivative of k**4/4 - k**3 - k**2/2 - 5. Let f be s(3). Is 5960/(-4)*f/6 a prime number?
False
Let v(y) = -3*y**3 + 34*y**2 + 58*y + 53. Is v(-26) prime?
True
Suppose 20*o = 18*o + 61474. Is o composite?
True
Let r = 5 - 5. Let t be (-24)/20*(r + -5). Is (-2)/t + (-166)/(-3) a composite number?
True
Suppose -2*s + 15 = -9. Suppose 5*d + 5*c + 30 = 0, 0 = 3*d - d - 5*c + s. Is (291/d)/(2/(-4)) a prime number?
True
Let h = -1545 - -2651. Suppose 6*v - h = -v. Is v prime?
False
Let d(v) = 839*v - 57. Is d(16) a composite number?
False
Suppose -2*x - 15551 = -3*r - 2734, x + 12815 = 3*r. Is r prime?
True
Let u = 1 + -1. Suppose -3*g + 0*g - 15 = u. Let o(q) = q**3 + 9*q**2 - 6*q - 3. Is o(g) composite?
False
Suppose -5*x = -0*x - 5*w - 110600, 3*x = 2*w + 66363. Is x prime?
True
Let c = -76074 - -122207. Is c composite?
False
Let y(i) = 2*i**3 + 6*i**2 - 14*i - 16. Let p be y(-7). Let l = p + 689. Is l a prime number?
True
Let b(p) = 10*p**2 + 4*p + 4. Let d be b(-4). Let i = -21 + d. Is i a prime number?
True
Let h(v) = 5*v**2 - 2*v. Let t be h(-1). Let c(j) = 44*j + 1. Let r(f) = 89*f + 3. Let p(m) = t*c(m) - 3*r(m). Is p(3) composite?
True
Let a = -3 + 1. Let r(y) be the third derivative of -8*y**4/3 - y**3/6 - 9*y**2. Is r(a) a composite number?
False
Let o be (2*3/2)/(39/364). Suppose -202 = -3*l - z - 21, 118 = 2*l + 2*z. Suppose -j = -l - o. Is j composite?
False
Let u(k) = k**3 - k**2 + 1. Let c(v) = 70*v**3 - 6*v**2 + v + 7. Let g(x) = -c(x) + 5*u(x). Is g(-1) composite?
True
Let q(w) = -16*w. Let n be q(-4). Suppose 120 + n = 2*j. Let v = -58 + j. Is v a prime number?
False
Let n = 110 + -110. Suppose -293 = -w - g, -3*w - 4*g + 1116 - 237 = n. Is w prime?
True
Suppose 0 = 5*f - 366 + 56. Let i = f - 126. Let s = 7 - i. Is s a composite number?
False
Suppose -4*s - 2*j + 10 = -2, -16 = -4*s - 4*j. Let p(z) = -100*z - 3. Let r be p(-4). Suppose 0*c + s*o + 201 = c, 2*c = 3*o + r. Is c composite?
False
Let z(r) = 19*r**3 - 3*r**2 + 7*r - 6. Let y be z(4). Suppose -2*m + y - 120 = 0. Is m a prime number?
False
Let j = -11658 - -25481. Is j a composite number?
True
Suppose -2 = s - 4, 2*n + s = 304. Let h be (-96)/(-36)*(-183)/(-2). Let j = n + h. Is j composite?
True
Suppose -12*l = -q - 17*l + 3, -2*q + 6 = -2*l. Let m = -166 - -964. Suppose 0 = -q*h + m + 9. Is h a composite number?
False
Suppose -4*k + 875 = 10*w - 5*w, 4*w - 736 = 4*k. Is w composite?
False
Let k(h) = 4*h + 4*h - 4*h - 2. Let v be k(1). Suppose -v*d - 99 = -5*d. Is d a prime number?
False
Let k(o) be the third derivative of o**4/24 + 5*o**3/3 - 5*o**2. Let x be k(4). Suppose -5*i - 639 = -x*i. Is i a composite number?
False
Let k be 3 - (-12 - (-2 + -1)). Let n be 116*k + 11 + -10. Suppose -p = -2*p + n. Is p a composite number?
True
Let q = 22 + -17. Suppose -2*d = 2*s - 1 + q, -5*d - 10 = -3*s. Suppose -4*m + 1573 - 401 = s. Is m composite?
False
Suppose 4*a + 3*x = 91295, 4*a - 4*x - 99732 + 8444 = 0. Is a a composite number?
True
Suppose 4*c - g = 4*g - 3, -5*c - 5*g + 30 = 0. Suppose 5*p = d - 4*d - 6005, 5*p - c*d + 6005 = 0. Let f = p - -2022. Is f a prime number?
True
Suppose 2*u = -3*u + 10. Suppose -3*y + 5*y = 4, -u*y = 4*t - 10320. Is t a prime number?
True
Is (-4 - 34/(-8))*59924 composite?
True
Suppose -5*i + 766 = n, 2*n - 5*n - 5*i + 2308 = 0. Is n a composite number?